{"id":567,"date":"2021-08-20T12:39:42","date_gmt":"2021-08-20T10:39:42","guid":{"rendered":"http:\/\/lesdoudous.net\/?page_id=567"},"modified":"2023-05-15T18:31:16","modified_gmt":"2023-05-15T16:31:16","slug":"partenaires-3","status":"publish","type":"page","link":"https:\/\/lesdoudous.net\/index.php\/partenaires-3\/","title":{"rendered":"Partenaires"},"content":{"rendered":"\n<p>Nous travaillons, et \u00e9changeons avec un certain nombre de partenaires ext\u00e9rieurs :<\/p>\n\n\n\n<div class=\"wp-block-group is-nowrap is-layout-flex wp-container-core-group-layout-1 wp-block-group-is-layout-flex\">\n<figure class=\"wp-block-gallery has-nested-images columns-3 wp-block-gallery-1 is-layout-flex wp-block-gallery-is-layout-flex\">\n<figure class=\"wp-block-image size-medium\"><img loading=\"lazy\" decoding=\"async\" width=\"300\" height=\"158\" src=\"https:\/\/lesdoudous.net\/wp-content\/uploads\/2023\/05\/logo-300x158.png\" alt=\"\" class=\"wp-image-675\" srcset=\"https:\/\/lesdoudous.net\/wp-content\/uploads\/2023\/05\/logo-300x158.png 300w, https:\/\/lesdoudous.net\/wp-content\/uploads\/2023\/05\/logo-1024x538.png 1024w, https:\/\/lesdoudous.net\/wp-content\/uploads\/2023\/05\/logo-768x403.png 768w, https:\/\/lesdoudous.net\/wp-content\/uploads\/2023\/05\/logo.png 1200w\" sizes=\"(max-width: 300px) 100vw, 300px\" \/><\/figure>\n\n\n\n<figure class=\"wp-block-image size-medium\"><img loading=\"lazy\" decoding=\"async\" width=\"300\" height=\"98\" src=\"https:\/\/lesdoudous.net\/wp-content\/uploads\/2020\/02\/logo-roaillan-bandeau-300x98.jpg\" alt=\"\" class=\"wp-image-331\" srcset=\"https:\/\/lesdoudous.net\/wp-content\/uploads\/2020\/02\/logo-roaillan-bandeau-300x98.jpg 300w, https:\/\/lesdoudous.net\/wp-content\/uploads\/2020\/02\/logo-roaillan-bandeau.jpg 720w\" sizes=\"(max-width: 300px) 100vw, 300px\" \/><\/figure>\n\n\n\n<figure class=\"wp-block-image size-medium\"><img loading=\"lazy\" decoding=\"async\" width=\"280\" height=\"174\" src=\"https:\/\/lesdoudous.net\/wp-content\/uploads\/2020\/02\/cvlv@2x.png\" alt=\"\" class=\"wp-image-505\"\/><\/figure>\n\n\n\n<figure class=\"wp-block-image size-medium\"><img loading=\"lazy\" decoding=\"async\" width=\"216\" height=\"300\" src=\"https:\/\/lesdoudous.net\/wp-content\/uploads\/2020\/02\/logo-CAF-Gironde-216x300.jpg\" alt=\"\" class=\"wp-image-336\" srcset=\"https:\/\/lesdoudous.net\/wp-content\/uploads\/2020\/02\/logo-CAF-Gironde-216x300.jpg 216w, https:\/\/lesdoudous.net\/wp-content\/uploads\/2020\/02\/logo-CAF-Gironde.jpg 283w\" sizes=\"(max-width: 216px) 100vw, 216px\" \/><\/figure>\n\n\n\n<figure class=\"wp-block-image size-medium\"><img loading=\"lazy\" decoding=\"async\" width=\"200\" height=\"200\" src=\"https:\/\/lesdoudous.net\/wp-content\/uploads\/2023\/05\/ansamble-squareLogo-1653980351448-002.png\" alt=\"\" class=\"wp-image-677\" srcset=\"https:\/\/lesdoudous.net\/wp-content\/uploads\/2023\/05\/ansamble-squareLogo-1653980351448-002.png 200w, https:\/\/lesdoudous.net\/wp-content\/uploads\/2023\/05\/ansamble-squareLogo-1653980351448-002-150x150.png 150w, https:\/\/lesdoudous.net\/wp-content\/uploads\/2023\/05\/ansamble-squareLogo-1653980351448-002-140x140.png 140w\" sizes=\"(max-width: 200px) 100vw, 200px\" \/><\/figure>\n\n\n\n<figure class=\"wp-block-image size-medium\"><img loading=\"lazy\" decoding=\"async\" width=\"300\" height=\"167\" src=\"https:\/\/lesdoudous.net\/wp-content\/uploads\/2020\/02\/logo-300x167.png\" alt=\"\" class=\"wp-image-503\" srcset=\"https:\/\/lesdoudous.net\/wp-content\/uploads\/2020\/02\/logo-300x167.png 300w, https:\/\/lesdoudous.net\/wp-content\/uploads\/2020\/02\/logo.png 520w\" sizes=\"(max-width: 300px) 100vw, 300px\" \/><\/figure>\n\n\n\n<figure class=\"wp-block-image size-medium\"><img loading=\"lazy\" decoding=\"async\" width=\"296\" height=\"296\" src=\"https:\/\/lesdoudous.net\/wp-content\/uploads\/2020\/02\/98603214_111933733861375_4950273936936927232_n.jpg\" alt=\"\" class=\"wp-image-502\" srcset=\"https:\/\/lesdoudous.net\/wp-content\/uploads\/2020\/02\/98603214_111933733861375_4950273936936927232_n.jpg 296w, https:\/\/lesdoudous.net\/wp-content\/uploads\/2020\/02\/98603214_111933733861375_4950273936936927232_n-150x150.jpg 150w, https:\/\/lesdoudous.net\/wp-content\/uploads\/2020\/02\/98603214_111933733861375_4950273936936927232_n-140x140.jpg 140w\" sizes=\"(max-width: 296px) 100vw, 296px\" \/><\/figure>\n\n\n\n<figure class=\"wp-block-image size-medium\"><img loading=\"lazy\" decoding=\"async\" width=\"199\" height=\"188\" src=\"https:\/\/lesdoudous.net\/wp-content\/uploads\/2020\/02\/le-pian-sur-garonne.png\" alt=\"\" class=\"wp-image-344\"\/><\/figure>\n\n\n\n<figure class=\"wp-block-image size-medium\"><img loading=\"lazy\" decoding=\"async\" width=\"180\" height=\"180\" src=\"https:\/\/lesdoudous.net\/wp-content\/uploads\/2020\/02\/SITE_2RIVIERES-LOGO.png\" alt=\"\" class=\"wp-image-335\" srcset=\"https:\/\/lesdoudous.net\/wp-content\/uploads\/2020\/02\/SITE_2RIVIERES-LOGO.png 180w, https:\/\/lesdoudous.net\/wp-content\/uploads\/2020\/02\/SITE_2RIVIERES-LOGO-150x150.png 150w, https:\/\/lesdoudous.net\/wp-content\/uploads\/2020\/02\/SITE_2RIVIERES-LOGO-140x140.png 140w\" sizes=\"(max-width: 180px) 100vw, 180px\" \/><\/figure>\n\n\n\n<figure class=\"wp-block-image size-medium\"><img loading=\"lazy\" decoding=\"async\" width=\"300\" height=\"150\" src=\"https:\/\/lesdoudous.net\/wp-content\/uploads\/2020\/02\/logo-cetaal-cmpc-400x200-300x150.jpg\" alt=\"\" class=\"wp-image-337\" srcset=\"https:\/\/lesdoudous.net\/wp-content\/uploads\/2020\/02\/logo-cetaal-cmpc-400x200-300x150.jpg 300w, https:\/\/lesdoudous.net\/wp-content\/uploads\/2020\/02\/logo-cetaal-cmpc-400x200.jpg 400w\" sizes=\"(max-width: 300px) 100vw, 300px\" \/><\/figure>\n\n\n\n<figure class=\"wp-block-image size-medium\"><img loading=\"lazy\" decoding=\"async\" width=\"300\" height=\"300\" src=\"https:\/\/lesdoudous.net\/wp-content\/uploads\/2020\/02\/cropped-ludo_transp-300x300-1.png\" alt=\"\" class=\"wp-image-330\" srcset=\"https:\/\/lesdoudous.net\/wp-content\/uploads\/2020\/02\/cropped-ludo_transp-300x300-1.png 300w, https:\/\/lesdoudous.net\/wp-content\/uploads\/2020\/02\/cropped-ludo_transp-300x300-1-150x150.png 150w, https:\/\/lesdoudous.net\/wp-content\/uploads\/2020\/02\/cropped-ludo_transp-300x300-1-140x140.png 140w\" sizes=\"(max-width: 300px) 100vw, 300px\" \/><\/figure>\n\n\n\n<figure class=\"wp-block-image size-medium\"><img loading=\"lazy\" decoding=\"async\" width=\"300\" height=\"43\" src=\"https:\/\/lesdoudous.net\/wp-content\/uploads\/2020\/02\/bandeau_langon_sans_logo2-300x43.jpg\" alt=\"\" class=\"wp-image-329\" srcset=\"https:\/\/lesdoudous.net\/wp-content\/uploads\/2020\/02\/bandeau_langon_sans_logo2-300x43.jpg 300w, https:\/\/lesdoudous.net\/wp-content\/uploads\/2020\/02\/bandeau_langon_sans_logo2-768x109.jpg 768w, https:\/\/lesdoudous.net\/wp-content\/uploads\/2020\/02\/bandeau_langon_sans_logo2.jpg 1000w\" sizes=\"(max-width: 300px) 100vw, 300px\" \/><\/figure>\n\n\n\n<figure class=\"wp-block-image size-medium\"><img loading=\"lazy\" decoding=\"async\" width=\"300\" height=\"120\" src=\"https:\/\/lesdoudous.net\/wp-content\/uploads\/2020\/02\/46127929cecc9bec28d3db7657de2d27-300x120.jpg\" alt=\"\" class=\"wp-image-328\" srcset=\"https:\/\/lesdoudous.net\/wp-content\/uploads\/2020\/02\/46127929cecc9bec28d3db7657de2d27-300x120.jpg 300w, https:\/\/lesdoudous.net\/wp-content\/uploads\/2020\/02\/46127929cecc9bec28d3db7657de2d27.jpg 640w\" sizes=\"(max-width: 300px) 100vw, 300px\" \/><\/figure>\n\n\n\n<figure class=\"wp-block-image size-thumbnail\"><img loading=\"lazy\" decoding=\"async\" width=\"150\" height=\"150\" src=\"https:\/\/lesdoudous.net\/wp-content\/uploads\/2020\/02\/44983285_1896653493750298_4239330319712387072_o-150x150.jpg\" alt=\"\" class=\"wp-image-327\" srcset=\"https:\/\/lesdoudous.net\/wp-content\/uploads\/2020\/02\/44983285_1896653493750298_4239330319712387072_o-150x150.jpg 150w, https:\/\/lesdoudous.net\/wp-content\/uploads\/2020\/02\/44983285_1896653493750298_4239330319712387072_o-300x300.jpg 300w, https:\/\/lesdoudous.net\/wp-content\/uploads\/2020\/02\/44983285_1896653493750298_4239330319712387072_o-768x768.jpg 768w, https:\/\/lesdoudous.net\/wp-content\/uploads\/2020\/02\/44983285_1896653493750298_4239330319712387072_o-140x140.jpg 140w, https:\/\/lesdoudous.net\/wp-content\/uploads\/2020\/02\/44983285_1896653493750298_4239330319712387072_o.jpg 960w\" sizes=\"(max-width: 150px) 100vw, 150px\" \/><\/figure>\n<\/figure>\n<\/div>\n","protected":false},"excerpt":{"rendered":"<p>Nous travaillons, et \u00e9changeons avec un certain nombre de partenaires ext\u00e9rieurs :<\/p>\n","protected":false},"author":1,"featured_media":0,"parent":0,"menu_order":0,"comment_status":"closed","ping_status":"closed","template":"","meta":{"footnotes":""},"yoast_head":"<!-- This site is optimized with the Yoast SEO plugin v21.7 - https:\/\/yoast.com\/wordpress\/plugins\/seo\/ -->\n<title>Partenaires - Micro-cr\u00e8ches Les DOUDOUS<\/title>\n<meta name=\"robots\" content=\"index, follow, max-snippet:-1, max-image-preview:large, max-video-preview:-1\" \/>\n<link rel=\"canonical\" href=\"https:\/\/lesdoudous.net\/index.php\/partenaires-3\/\" \/>\n<meta property=\"og:locale\" content=\"fr_FR\" \/>\n<meta property=\"og:type\" content=\"article\" \/>\n<meta property=\"og:title\" content=\"Partenaires - Micro-cr\u00e8ches Les DOUDOUS\" \/>\n<meta property=\"og:description\" content=\"Nous travaillons, et \u00e9changeons avec un certain nombre de partenaires ext\u00e9rieurs :\" \/>\n<meta property=\"og:url\" content=\"https:\/\/lesdoudous.net\/index.php\/partenaires-3\/\" \/>\n<meta property=\"og:site_name\" content=\"Micro-cr\u00e8ches Les DOUDOUS\" \/>\n<meta property=\"article:modified_time\" content=\"2023-05-15T16:31:16+00:00\" \/>\n<meta property=\"og:image\" content=\"https:\/\/lesdoudous.net\/wp-content\/uploads\/2023\/05\/logo-300x158.png\" \/>\n<meta name=\"twitter:card\" content=\"summary_large_image\" \/>\n<meta name=\"twitter:label1\" content=\"Dur\u00e9e de lecture estim\u00e9e\" \/>\n\t<meta name=\"twitter:data1\" content=\"3 minutes\" \/>\n<script type=\"application\/ld+json\" class=\"yoast-schema-graph\">{\"@context\":\"https:\/\/schema.org\",\"@graph\":[{\"@type\":\"WebPage\",\"@id\":\"https:\/\/lesdoudous.net\/index.php\/partenaires-3\/\",\"url\":\"https:\/\/lesdoudous.net\/index.php\/partenaires-3\/\",\"name\":\"Partenaires - Micro-cr\u00e8ches Les DOUDOUS\",\"isPartOf\":{\"@id\":\"https:\/\/lesdoudous.net\/#website\"},\"datePublished\":\"2021-08-20T10:39:42+00:00\",\"dateModified\":\"2023-05-15T16:31:16+00:00\",\"breadcrumb\":{\"@id\":\"https:\/\/lesdoudous.net\/index.php\/partenaires-3\/#breadcrumb\"},\"inLanguage\":\"fr-FR\",\"potentialAction\":[{\"@type\":\"ReadAction\",\"target\":[\"https:\/\/lesdoudous.net\/index.php\/partenaires-3\/\"]}]},{\"@type\":\"BreadcrumbList\",\"@id\":\"https:\/\/lesdoudous.net\/index.php\/partenaires-3\/#breadcrumb\",\"itemListElement\":[{\"@type\":\"ListItem\",\"position\":1,\"name\":\"Accueil\",\"item\":\"https:\/\/lesdoudous.net\/\"},{\"@type\":\"ListItem\",\"position\":2,\"name\":\"Partenaires\"}]},{\"@type\":\"WebSite\",\"@id\":\"https:\/\/lesdoudous.net\/#website\",\"url\":\"https:\/\/lesdoudous.net\/\",\"name\":\"Micro-cr\u00e8ches Les DOUDOUS\",\"description\":\"Roaillan | Le Pian sur Garonne | Langon\",\"publisher\":{\"@id\":\"https:\/\/lesdoudous.net\/#organization\"},\"potentialAction\":[{\"@type\":\"SearchAction\",\"target\":{\"@type\":\"EntryPoint\",\"urlTemplate\":\"https:\/\/lesdoudous.net\/?s={search_term_string}\"},\"query-input\":\"required name=search_term_string\"}],\"inLanguage\":\"fr-FR\"},{\"@type\":\"Organization\",\"@id\":\"https:\/\/lesdoudous.net\/#organization\",\"name\":\"MICRO-CR\u00c8CHES LES DOUDOUS\",\"url\":\"https:\/\/lesdoudous.net\/\",\"logo\":{\"@type\":\"ImageObject\",\"inLanguage\":\"fr-FR\",\"@id\":\"https:\/\/lesdoudous.net\/#\/schema\/logo\/image\/\",\"url\":\"https:\/\/lesdoudous.net\/wp-content\/uploads\/2017\/12\/Les-doudous-g\u00e9n\u00e9ral.jpg\",\"contentUrl\":\"https:\/\/lesdoudous.net\/wp-content\/uploads\/2017\/12\/Les-doudous-g\u00e9n\u00e9ral.jpg\",\"width\":341,\"height\":256,\"caption\":\"MICRO-CR\u00c8CHES LES DOUDOUS\"},\"image\":{\"@id\":\"https:\/\/lesdoudous.net\/#\/schema\/logo\/image\/\"}}]}<\/script>\n<!-- \/ Yoast SEO plugin. -->","yoast_head_json":{"title":"Partenaires - Micro-cr\u00e8ches Les DOUDOUS","robots":{"index":"index","follow":"follow","max-snippet":"max-snippet:-1","max-image-preview":"max-image-preview:large","max-video-preview":"max-video-preview:-1"},"canonical":"https:\/\/lesdoudous.net\/index.php\/partenaires-3\/","og_locale":"fr_FR","og_type":"article","og_title":"Partenaires - Micro-cr\u00e8ches Les DOUDOUS","og_description":"Nous travaillons, et \u00e9changeons avec un certain nombre de partenaires ext\u00e9rieurs :","og_url":"https:\/\/lesdoudous.net\/index.php\/partenaires-3\/","og_site_name":"Micro-cr\u00e8ches Les DOUDOUS","article_modified_time":"2023-05-15T16:31:16+00:00","og_image":[{"url":"https:\/\/lesdoudous.net\/wp-content\/uploads\/2023\/05\/logo-300x158.png"}],"twitter_card":"summary_large_image","twitter_misc":{"Dur\u00e9e de lecture estim\u00e9e":"3 minutes"},"schema":{"@context":"https:\/\/schema.org","@graph":[{"@type":"WebPage","@id":"https:\/\/lesdoudous.net\/index.php\/partenaires-3\/","url":"https:\/\/lesdoudous.net\/index.php\/partenaires-3\/","name":"Partenaires - Micro-cr\u00e8ches Les DOUDOUS","isPartOf":{"@id":"https:\/\/lesdoudous.net\/#website"},"datePublished":"2021-08-20T10:39:42+00:00","dateModified":"2023-05-15T16:31:16+00:00","breadcrumb":{"@id":"https:\/\/lesdoudous.net\/index.php\/partenaires-3\/#breadcrumb"},"inLanguage":"fr-FR","potentialAction":[{"@type":"ReadAction","target":["https:\/\/lesdoudous.net\/index.php\/partenaires-3\/"]}]},{"@type":"BreadcrumbList","@id":"https:\/\/lesdoudous.net\/index.php\/partenaires-3\/#breadcrumb","itemListElement":[{"@type":"ListItem","position":1,"name":"Accueil","item":"https:\/\/lesdoudous.net\/"},{"@type":"ListItem","position":2,"name":"Partenaires"}]},{"@type":"WebSite","@id":"https:\/\/lesdoudous.net\/#website","url":"https:\/\/lesdoudous.net\/","name":"Micro-cr\u00e8ches Les DOUDOUS","description":"Roaillan | Le Pian sur Garonne | Langon","publisher":{"@id":"https:\/\/lesdoudous.net\/#organization"},"potentialAction":[{"@type":"SearchAction","target":{"@type":"EntryPoint","urlTemplate":"https:\/\/lesdoudous.net\/?s={search_term_string}"},"query-input":"required name=search_term_string"}],"inLanguage":"fr-FR"},{"@type":"Organization","@id":"https:\/\/lesdoudous.net\/#organization","name":"MICRO-CR\u00c8CHES LES DOUDOUS","url":"https:\/\/lesdoudous.net\/","logo":{"@type":"ImageObject","inLanguage":"fr-FR","@id":"https:\/\/lesdoudous.net\/#\/schema\/logo\/image\/","url":"https:\/\/lesdoudous.net\/wp-content\/uploads\/2017\/12\/Les-doudous-g\u00e9n\u00e9ral.jpg","contentUrl":"https:\/\/lesdoudous.net\/wp-content\/uploads\/2017\/12\/Les-doudous-g\u00e9n\u00e9ral.jpg","width":341,"height":256,"caption":"MICRO-CR\u00c8CHES LES DOUDOUS"},"image":{"@id":"https:\/\/lesdoudous.net\/#\/schema\/logo\/image\/"}}]}},"_links":{"self":[{"href":"https:\/\/lesdoudous.net\/index.php\/wp-json\/wp\/v2\/pages\/567"}],"collection":[{"href":"https:\/\/lesdoudous.net\/index.php\/wp-json\/wp\/v2\/pages"}],"about":[{"href":"https:\/\/lesdoudous.net\/index.php\/wp-json\/wp\/v2\/types\/page"}],"author":[{"embeddable":true,"href":"https:\/\/lesdoudous.net\/index.php\/wp-json\/wp\/v2\/users\/1"}],"replies":[{"embeddable":true,"href":"https:\/\/lesdoudous.net\/index.php\/wp-json\/wp\/v2\/comments?post=567"}],"version-history":[{"count":5,"href":"https:\/\/lesdoudous.net\/index.php\/wp-json\/wp\/v2\/pages\/567\/revisions"}],"predecessor-version":[{"id":682,"href":"https:\/\/lesdoudous.net\/index.php\/wp-json\/wp\/v2\/pages\/567\/revisions\/682"}],"wp:attachment":[{"href":"https:\/\/lesdoudous.net\/index.php\/wp-json\/wp\/v2\/media?parent=567"}],"curies":[{"name":"wp","href":"https:\/\/api.w.org\/{rel}","templated":true}]}}