{"id":52,"date":"2017-09-28T18:19:54","date_gmt":"2017-09-28T16:19:54","guid":{"rendered":"http:\/\/lesdoudous.net\/?page_id=52"},"modified":"2020-12-22T10:08:07","modified_gmt":"2020-12-22T09:08:07","slug":"preinscriptions","status":"publish","type":"page","link":"https:\/\/lesdoudous.net\/index.php\/preinscriptions\/","title":{"rendered":"Demande d&rsquo;accueil"},"content":{"rendered":"<p style=\"text-align: center;\"><span style=\"color: #2a2a2a;\">Pour faire une d&rsquo;accueil \u00e0 la micro-cr\u00e8che des doudous de Roaillan ou Pian sur Garonne<\/span><span style=\"color: #2a2a2a;\">, vous devez remplir le formulaire de demande d&rsquo;accueil ci-dessous&nbsp;et nous le faire parvenir.<\/span><\/p>\n<p style=\"text-align: center;\"><strong>Par mail :<\/strong><\/p>\n<p style=\"text-align: center;\"><a href=\"mailto:roaillan@lesdoudous.net\">roaillan@lesdoudous.net<\/a><br>ou<br><a href=\"mailto:pian@lesdoudous.net\">pian@lesdoudous.net<\/a><\/p>\n<p style=\"text-align: center;\"><b>Une demande&nbsp;d\u2019accueil n\u2019est pas une inscription d\u00e9finitive.<\/b><\/p>\n<p style=\"text-align: center;\">En fonction des disponibilit\u00e9s, une place vous sera attribu\u00e9e ou vous serez inscris sur liste d\u2019attente.<\/p>\n<p style=\"text-align: center;\">La r\u00e9f\u00e9rente prendra contact avec vous apr\u00e8s l&rsquo;\u00e9tude de votre demande pour vous informer.<\/p>\n<p><\/p>\n\n\n<div class=\"wp-block-button aligncenter\"><a class=\"wp-block-button__link has-text-color has-background\" href=\"http:\/\/lesdoudous.net\/wp-content\/uploads\/2020\/12\/DEMANDE_DACCUEIL_122020.pdf\" style=\"background-color:#066579;color:#ffffff\">Demande d&rsquo;accueil<\/a><\/div>\n","protected":false},"excerpt":{"rendered":"<p>Pour faire une d&rsquo;accueil \u00e0 la micro-cr\u00e8che des doudous de Roaillan ou Pian sur Garonne, vous devez remplir le formulaire de demande d&rsquo;accueil ci-dessous&nbsp;et nous le faire parvenir. Par mail : roaillan@lesdoudous.netoupian@lesdoudous.net Une demande&nbsp;d\u2019accueil n\u2019est pas une inscription d\u00e9finitive. En fonction des disponibilit\u00e9s, une place vous sera attribu\u00e9e ou vous serez inscris sur liste d\u2019attente.&hellip; <\/p>\n<p class=\"toivo-read-more\"><a href=\"https:\/\/lesdoudous.net\/index.php\/preinscriptions\/\" class=\"more-link\">Lire la suite <span class=\"screen-reader-text\">Demande d&rsquo;accueil<\/span><\/a><\/p>\n","protected":false},"author":1,"featured_media":0,"parent":0,"menu_order":0,"comment_status":"closed","ping_status":"closed","template":"","meta":{"footnotes":""},"yoast_head":"<!-- This site is optimized with the Yoast SEO plugin v21.7 - https:\/\/yoast.com\/wordpress\/plugins\/seo\/ -->\n<title>Demande d&#039;accueil - Micro-cr\u00e8ches Les DOUDOUS<\/title>\n<meta name=\"robots\" content=\"index, follow, max-snippet:-1, max-image-preview:large, max-video-preview:-1\" \/>\n<link rel=\"canonical\" href=\"https:\/\/lesdoudous.net\/index.php\/preinscriptions\/\" \/>\n<meta property=\"og:locale\" content=\"fr_FR\" \/>\n<meta property=\"og:type\" content=\"article\" \/>\n<meta property=\"og:title\" content=\"Demande d&#039;accueil - Micro-cr\u00e8ches Les DOUDOUS\" \/>\n<meta property=\"og:description\" content=\"Pour faire une d&rsquo;accueil \u00e0 la micro-cr\u00e8che des doudous de Roaillan ou Pian sur Garonne, vous devez remplir le formulaire de demande d&rsquo;accueil ci-dessous&nbsp;et nous le faire parvenir. Par mail : roaillan@lesdoudous.netoupian@lesdoudous.net Une demande&nbsp;d\u2019accueil n\u2019est pas une inscription d\u00e9finitive. En fonction des disponibilit\u00e9s, une place vous sera attribu\u00e9e ou vous serez inscris sur liste d\u2019attente.&hellip; Lire la suite Demande d&rsquo;accueil\" \/>\n<meta property=\"og:url\" content=\"https:\/\/lesdoudous.net\/index.php\/preinscriptions\/\" \/>\n<meta property=\"og:site_name\" content=\"Micro-cr\u00e8ches Les DOUDOUS\" \/>\n<meta property=\"article:modified_time\" content=\"2020-12-22T09:08:07+00:00\" \/>\n<meta name=\"twitter:card\" content=\"summary_large_image\" \/>\n<script type=\"application\/ld+json\" class=\"yoast-schema-graph\">{\"@context\":\"https:\/\/schema.org\",\"@graph\":[{\"@type\":\"WebPage\",\"@id\":\"https:\/\/lesdoudous.net\/index.php\/preinscriptions\/\",\"url\":\"https:\/\/lesdoudous.net\/index.php\/preinscriptions\/\",\"name\":\"Demande d'accueil - Micro-cr\u00e8ches Les DOUDOUS\",\"isPartOf\":{\"@id\":\"https:\/\/lesdoudous.net\/#website\"},\"datePublished\":\"2017-09-28T16:19:54+00:00\",\"dateModified\":\"2020-12-22T09:08:07+00:00\",\"breadcrumb\":{\"@id\":\"https:\/\/lesdoudous.net\/index.php\/preinscriptions\/#breadcrumb\"},\"inLanguage\":\"fr-FR\",\"potentialAction\":[{\"@type\":\"ReadAction\",\"target\":[\"https:\/\/lesdoudous.net\/index.php\/preinscriptions\/\"]}]},{\"@type\":\"BreadcrumbList\",\"@id\":\"https:\/\/lesdoudous.net\/index.php\/preinscriptions\/#breadcrumb\",\"itemListElement\":[{\"@type\":\"ListItem\",\"position\":1,\"name\":\"Accueil\",\"item\":\"https:\/\/lesdoudous.net\/\"},{\"@type\":\"ListItem\",\"position\":2,\"name\":\"Demande d&rsquo;accueil\"}]},{\"@type\":\"WebSite\",\"@id\":\"https:\/\/lesdoudous.net\/#website\",\"url\":\"https:\/\/lesdoudous.net\/\",\"name\":\"Micro-cr\u00e8ches Les DOUDOUS\",\"description\":\"Roaillan | Le Pian sur Garonne | Langon\",\"publisher\":{\"@id\":\"https:\/\/lesdoudous.net\/#organization\"},\"potentialAction\":[{\"@type\":\"SearchAction\",\"target\":{\"@type\":\"EntryPoint\",\"urlTemplate\":\"https:\/\/lesdoudous.net\/?s={search_term_string}\"},\"query-input\":\"required name=search_term_string\"}],\"inLanguage\":\"fr-FR\"},{\"@type\":\"Organization\",\"@id\":\"https:\/\/lesdoudous.net\/#organization\",\"name\":\"MICRO-CR\u00c8CHES LES DOUDOUS\",\"url\":\"https:\/\/lesdoudous.net\/\",\"logo\":{\"@type\":\"ImageObject\",\"inLanguage\":\"fr-FR\",\"@id\":\"https:\/\/lesdoudous.net\/#\/schema\/logo\/image\/\",\"url\":\"https:\/\/lesdoudous.net\/wp-content\/uploads\/2017\/12\/Les-doudous-g\u00e9n\u00e9ral.jpg\",\"contentUrl\":\"https:\/\/lesdoudous.net\/wp-content\/uploads\/2017\/12\/Les-doudous-g\u00e9n\u00e9ral.jpg\",\"width\":341,\"height\":256,\"caption\":\"MICRO-CR\u00c8CHES LES DOUDOUS\"},\"image\":{\"@id\":\"https:\/\/lesdoudous.net\/#\/schema\/logo\/image\/\"}}]}<\/script>\n<!-- \/ Yoast SEO plugin. -->","yoast_head_json":{"title":"Demande d'accueil - Micro-cr\u00e8ches Les DOUDOUS","robots":{"index":"index","follow":"follow","max-snippet":"max-snippet:-1","max-image-preview":"max-image-preview:large","max-video-preview":"max-video-preview:-1"},"canonical":"https:\/\/lesdoudous.net\/index.php\/preinscriptions\/","og_locale":"fr_FR","og_type":"article","og_title":"Demande d'accueil - Micro-cr\u00e8ches Les DOUDOUS","og_description":"Pour faire une d&rsquo;accueil \u00e0 la micro-cr\u00e8che des doudous de Roaillan ou Pian sur Garonne, vous devez remplir le formulaire de demande d&rsquo;accueil ci-dessous&nbsp;et nous le faire parvenir. Par mail : roaillan@lesdoudous.netoupian@lesdoudous.net Une demande&nbsp;d\u2019accueil n\u2019est pas une inscription d\u00e9finitive. En fonction des disponibilit\u00e9s, une place vous sera attribu\u00e9e ou vous serez inscris sur liste d\u2019attente.&hellip; Lire la suite Demande d&rsquo;accueil","og_url":"https:\/\/lesdoudous.net\/index.php\/preinscriptions\/","og_site_name":"Micro-cr\u00e8ches Les DOUDOUS","article_modified_time":"2020-12-22T09:08:07+00:00","twitter_card":"summary_large_image","schema":{"@context":"https:\/\/schema.org","@graph":[{"@type":"WebPage","@id":"https:\/\/lesdoudous.net\/index.php\/preinscriptions\/","url":"https:\/\/lesdoudous.net\/index.php\/preinscriptions\/","name":"Demande d'accueil - Micro-cr\u00e8ches Les DOUDOUS","isPartOf":{"@id":"https:\/\/lesdoudous.net\/#website"},"datePublished":"2017-09-28T16:19:54+00:00","dateModified":"2020-12-22T09:08:07+00:00","breadcrumb":{"@id":"https:\/\/lesdoudous.net\/index.php\/preinscriptions\/#breadcrumb"},"inLanguage":"fr-FR","potentialAction":[{"@type":"ReadAction","target":["https:\/\/lesdoudous.net\/index.php\/preinscriptions\/"]}]},{"@type":"BreadcrumbList","@id":"https:\/\/lesdoudous.net\/index.php\/preinscriptions\/#breadcrumb","itemListElement":[{"@type":"ListItem","position":1,"name":"Accueil","item":"https:\/\/lesdoudous.net\/"},{"@type":"ListItem","position":2,"name":"Demande d&rsquo;accueil"}]},{"@type":"WebSite","@id":"https:\/\/lesdoudous.net\/#website","url":"https:\/\/lesdoudous.net\/","name":"Micro-cr\u00e8ches Les DOUDOUS","description":"Roaillan | Le Pian sur Garonne | Langon","publisher":{"@id":"https:\/\/lesdoudous.net\/#organization"},"potentialAction":[{"@type":"SearchAction","target":{"@type":"EntryPoint","urlTemplate":"https:\/\/lesdoudous.net\/?s={search_term_string}"},"query-input":"required name=search_term_string"}],"inLanguage":"fr-FR"},{"@type":"Organization","@id":"https:\/\/lesdoudous.net\/#organization","name":"MICRO-CR\u00c8CHES LES DOUDOUS","url":"https:\/\/lesdoudous.net\/","logo":{"@type":"ImageObject","inLanguage":"fr-FR","@id":"https:\/\/lesdoudous.net\/#\/schema\/logo\/image\/","url":"https:\/\/lesdoudous.net\/wp-content\/uploads\/2017\/12\/Les-doudous-g\u00e9n\u00e9ral.jpg","contentUrl":"https:\/\/lesdoudous.net\/wp-content\/uploads\/2017\/12\/Les-doudous-g\u00e9n\u00e9ral.jpg","width":341,"height":256,"caption":"MICRO-CR\u00c8CHES LES DOUDOUS"},"image":{"@id":"https:\/\/lesdoudous.net\/#\/schema\/logo\/image\/"}}]}},"_links":{"self":[{"href":"https:\/\/lesdoudous.net\/index.php\/wp-json\/wp\/v2\/pages\/52"}],"collection":[{"href":"https:\/\/lesdoudous.net\/index.php\/wp-json\/wp\/v2\/pages"}],"about":[{"href":"https:\/\/lesdoudous.net\/index.php\/wp-json\/wp\/v2\/types\/page"}],"author":[{"embeddable":true,"href":"https:\/\/lesdoudous.net\/index.php\/wp-json\/wp\/v2\/users\/1"}],"replies":[{"embeddable":true,"href":"https:\/\/lesdoudous.net\/index.php\/wp-json\/wp\/v2\/comments?post=52"}],"version-history":[{"count":15,"href":"https:\/\/lesdoudous.net\/index.php\/wp-json\/wp\/v2\/pages\/52\/revisions"}],"predecessor-version":[{"id":533,"href":"https:\/\/lesdoudous.net\/index.php\/wp-json\/wp\/v2\/pages\/52\/revisions\/533"}],"wp:attachment":[{"href":"https:\/\/lesdoudous.net\/index.php\/wp-json\/wp\/v2\/media?parent=52"}],"curies":[{"name":"wp","href":"https:\/\/api.w.org\/{rel}","templated":true}]}}