{"id":259,"date":"2019-07-18T17:43:59","date_gmt":"2019-07-18T15:43:59","guid":{"rendered":"http:\/\/lesdoudous.net\/?page_id=259"},"modified":"2024-01-23T12:16:48","modified_gmt":"2024-01-23T11:16:48","slug":"roaillan","status":"publish","type":"page","link":"https:\/\/lesdoudous.net\/index.php\/roaillan\/","title":{"rendered":"Roaillan"},"content":{"rendered":"\n<h2 class=\"wp-block-heading has-text-align-center\">MICRO-CRECHE | LES DOUDOUS<br>ROAILLAN<\/h2>\n\n\n\n<h4 class=\"wp-block-heading has-text-align-center\"><img loading=\"lazy\" decoding=\"async\" class=\"alignnone wp-image-479 size-full\" src=\"http:\/\/lesdoudous.net\/wp-content\/uploads\/2020\/11\/animaux5.png\" alt=\"\" width=\"150\" height=\"150\" srcset=\"https:\/\/lesdoudous.net\/wp-content\/uploads\/2020\/11\/animaux5.png 150w, https:\/\/lesdoudous.net\/wp-content\/uploads\/2020\/11\/animaux5-140x140.png 140w\" sizes=\"(max-width: 150px) 100vw, 150px\" \/><\/h4>\n\n\n\n<hr class=\"wp-block-separator has-alpha-channel-opacity\"\/>\n\n\n\n<h5 class=\"wp-block-heading has-text-align-center\">Gestionnaire : Fanette AUGERAUD<br>R\u00e9f\u00e9rentes techniques : Elodie LAFARGUE<\/h5>\n\n\n\n<hr class=\"wp-block-separator has-alpha-channel-opacity\"\/>\n\n\n\n<h5 class=\"wp-block-heading has-text-align-center\">Mail<\/h5>\n\n\n\n<p class=\"has-text-align-center\"><a href=\"mailto:roaillan@lesdoudous.net\">roaillan@lesdoudous.net<\/a><\/p>\n\n\n\n<h5 class=\"wp-block-heading has-text-align-center\">Courrier<\/h5>\n\n\n\n<p class=\"has-text-align-center\">1 route du Moulin<br>33210 ROAILLAN<\/p>\n\n\n\n<h5 class=\"wp-block-heading has-text-align-center\">T\u00e9l\u00e9phone<\/h5>\n\n\n\n<p class=\"has-text-align-center\">05.56.76.66.80<\/p>\n\n\n\n<p class=\"has-text-align-center\"><iframe loading=\"lazy\" style=\"border: 0;\" src=\"https:\/\/www.google.com\/maps\/embed?pb=!1m18!1m12!1m3!1d2845.7254762851867!2d-0.2818393486325344!3d44.500291605156185!2m3!1f0!2f0!3f0!3m2!1i1024!2i768!4f13.1!3m3!1m2!1s0xd557311fc09ed95%3A0x583e12a500bd836c!2sMicro-Cr%C3%A8che+Des+Doudous!5e0!3m2!1sfr!2sfr!4v1563463188390!5m2!1sfr!2sfr\" width=\"600\" height=\"450\" frameborder=\"0\" allowfullscreen=\"allowfullscreen\"><\/iframe><\/p>\n\n\n\n<p><strong>Implantation<\/strong><\/p>\n\n\n\n<p>Depuis mai 2015, la micro cr\u00e8che Les Doudous est situ\u00e9e \u00e0 l&rsquo;entr\u00e9e du village de Roaillan, face \u00e0 la maison m\u00e9dicale et \u00e0 quelques pas du groupe scolaire. Elle est install\u00e9e dans une ancienne maison de village qui a \u00e9t\u00e9 agrandie, r\u00e9nov\u00e9e, mise en conformit\u00e9 et enti\u00e8rement \u00e9quip\u00e9e \u00e0 neuf pour un plus grand confort.<\/p>\n\n\n\n<p>Un bel espace ext\u00e9rieur accueil vos enfants : une grande terrasse et un joli jardin accueillant le potager des doudous.<\/p>\n\n\n\n<figure class=\"wp-block-gallery has-nested-images columns-default is-cropped wp-block-gallery-1 is-layout-flex wp-block-gallery-is-layout-flex\">\n<figure class=\"wp-block-image size-large\"><img loading=\"lazy\" decoding=\"async\" width=\"1000\" height=\"562\" data-id=\"583\" src=\"https:\/\/lesdoudous.net\/wp-content\/uploads\/2021\/10\/jardindenfants.jpg\" alt=\"\" class=\"wp-image-583\" srcset=\"https:\/\/lesdoudous.net\/wp-content\/uploads\/2021\/10\/jardindenfants.jpg 1000w, https:\/\/lesdoudous.net\/wp-content\/uploads\/2021\/10\/jardindenfants-300x169.jpg 300w, https:\/\/lesdoudous.net\/wp-content\/uploads\/2021\/10\/jardindenfants-768x432.jpg 768w\" sizes=\"(max-width: 1000px) 100vw, 1000px\" \/><\/figure>\n\n\n\n<figure class=\"wp-block-image size-large\"><img loading=\"lazy\" decoding=\"async\" width=\"4096\" height=\"6144\" data-id=\"735\" src=\"https:\/\/lesdoudous.net\/wp-content\/uploads\/2024\/01\/happy-child-having-fun-playground-outdoors.jpg\" alt=\"\" class=\"wp-image-735\"\/><\/figure>\n\n\n\n<figure class=\"wp-block-image size-large\"><img loading=\"lazy\" decoding=\"async\" width=\"1024\" height=\"683\" data-id=\"723\" src=\"https:\/\/lesdoudous.net\/wp-content\/uploads\/2024\/01\/mother-her-baby-playing-easter-holiday-1024x683.jpg\" alt=\"\" class=\"wp-image-723\" srcset=\"https:\/\/lesdoudous.net\/wp-content\/uploads\/2024\/01\/mother-her-baby-playing-easter-holiday-1024x683.jpg 1024w, https:\/\/lesdoudous.net\/wp-content\/uploads\/2024\/01\/mother-her-baby-playing-easter-holiday-300x200.jpg 300w, https:\/\/lesdoudous.net\/wp-content\/uploads\/2024\/01\/mother-her-baby-playing-easter-holiday-768x512.jpg 768w, https:\/\/lesdoudous.net\/wp-content\/uploads\/2024\/01\/mother-her-baby-playing-easter-holiday-1536x1024.jpg 1536w, https:\/\/lesdoudous.net\/wp-content\/uploads\/2024\/01\/mother-her-baby-playing-easter-holiday-2048x1365.jpg 2048w, https:\/\/lesdoudous.net\/wp-content\/uploads\/2024\/01\/mother-her-baby-playing-easter-holiday-1260x840.jpg 1260w\" sizes=\"(max-width: 1024px) 100vw, 1024px\" \/><\/figure>\n<\/figure>\n","protected":false},"excerpt":{"rendered":"<p>MICRO-CRECHE | LES DOUDOUSROAILLAN Gestionnaire : Fanette AUGERAUDR\u00e9f\u00e9rentes techniques : Elodie LAFARGUE Mail roaillan@lesdoudous.net Courrier 1 route du Moulin33210 ROAILLAN T\u00e9l\u00e9phone 05.56.76.66.80 Implantation Depuis mai 2015, la micro cr\u00e8che Les Doudous est situ\u00e9e \u00e0 l&rsquo;entr\u00e9e du village de Roaillan, face \u00e0 la maison m\u00e9dicale et \u00e0 quelques pas du groupe scolaire. Elle est install\u00e9e dans&hellip; <\/p>\n<p class=\"toivo-read-more\"><a href=\"https:\/\/lesdoudous.net\/index.php\/roaillan\/\" class=\"more-link\">Lire la suite <span class=\"screen-reader-text\">Roaillan<\/span><\/a><\/p>\n","protected":false},"author":1,"featured_media":0,"parent":0,"menu_order":0,"comment_status":"closed","ping_status":"closed","template":"","meta":{"footnotes":""},"yoast_head":"<!-- This site is optimized with the Yoast SEO plugin v21.7 - https:\/\/yoast.com\/wordpress\/plugins\/seo\/ -->\n<title>Roaillan - Micro-cr\u00e8ches Les DOUDOUS<\/title>\n<meta name=\"robots\" content=\"index, follow, max-snippet:-1, max-image-preview:large, max-video-preview:-1\" \/>\n<link rel=\"canonical\" href=\"https:\/\/lesdoudous.net\/index.php\/roaillan\/\" \/>\n<meta property=\"og:locale\" content=\"fr_FR\" \/>\n<meta property=\"og:type\" content=\"article\" \/>\n<meta property=\"og:title\" content=\"Roaillan - Micro-cr\u00e8ches Les DOUDOUS\" \/>\n<meta property=\"og:description\" content=\"MICRO-CRECHE | LES DOUDOUSROAILLAN Gestionnaire : Fanette AUGERAUDR\u00e9f\u00e9rentes techniques : Elodie LAFARGUE Mail roaillan@lesdoudous.net Courrier 1 route du Moulin33210 ROAILLAN T\u00e9l\u00e9phone 05.56.76.66.80 Implantation Depuis mai 2015, la micro cr\u00e8che Les Doudous est situ\u00e9e \u00e0 l&rsquo;entr\u00e9e du village de Roaillan, face \u00e0 la maison m\u00e9dicale et \u00e0 quelques pas du groupe scolaire. Elle est install\u00e9e dans&hellip; Lire la suite Roaillan\" \/>\n<meta property=\"og:url\" content=\"https:\/\/lesdoudous.net\/index.php\/roaillan\/\" \/>\n<meta property=\"og:site_name\" content=\"Micro-cr\u00e8ches Les DOUDOUS\" \/>\n<meta property=\"article:modified_time\" content=\"2024-01-23T11:16:48+00:00\" \/>\n<meta property=\"og:image\" content=\"http:\/\/lesdoudous.net\/wp-content\/uploads\/2020\/11\/animaux5.png\" \/>\n<meta name=\"twitter:card\" content=\"summary_large_image\" \/>\n<meta name=\"twitter:label1\" content=\"Dur\u00e9e de lecture estim\u00e9e\" \/>\n\t<meta name=\"twitter:data1\" content=\"2 minutes\" \/>\n<script type=\"application\/ld+json\" class=\"yoast-schema-graph\">{\"@context\":\"https:\/\/schema.org\",\"@graph\":[{\"@type\":\"WebPage\",\"@id\":\"https:\/\/lesdoudous.net\/index.php\/roaillan\/\",\"url\":\"https:\/\/lesdoudous.net\/index.php\/roaillan\/\",\"name\":\"Roaillan - Micro-cr\u00e8ches Les DOUDOUS\",\"isPartOf\":{\"@id\":\"https:\/\/lesdoudous.net\/#website\"},\"datePublished\":\"2019-07-18T15:43:59+00:00\",\"dateModified\":\"2024-01-23T11:16:48+00:00\",\"breadcrumb\":{\"@id\":\"https:\/\/lesdoudous.net\/index.php\/roaillan\/#breadcrumb\"},\"inLanguage\":\"fr-FR\",\"potentialAction\":[{\"@type\":\"ReadAction\",\"target\":[\"https:\/\/lesdoudous.net\/index.php\/roaillan\/\"]}]},{\"@type\":\"BreadcrumbList\",\"@id\":\"https:\/\/lesdoudous.net\/index.php\/roaillan\/#breadcrumb\",\"itemListElement\":[{\"@type\":\"ListItem\",\"position\":1,\"name\":\"Accueil\",\"item\":\"https:\/\/lesdoudous.net\/\"},{\"@type\":\"ListItem\",\"position\":2,\"name\":\"Roaillan\"}]},{\"@type\":\"WebSite\",\"@id\":\"https:\/\/lesdoudous.net\/#website\",\"url\":\"https:\/\/lesdoudous.net\/\",\"name\":\"Micro-cr\u00e8ches Les DOUDOUS\",\"description\":\"Roaillan | Le Pian sur Garonne | Langon\",\"publisher\":{\"@id\":\"https:\/\/lesdoudous.net\/#organization\"},\"potentialAction\":[{\"@type\":\"SearchAction\",\"target\":{\"@type\":\"EntryPoint\",\"urlTemplate\":\"https:\/\/lesdoudous.net\/?s={search_term_string}\"},\"query-input\":\"required name=search_term_string\"}],\"inLanguage\":\"fr-FR\"},{\"@type\":\"Organization\",\"@id\":\"https:\/\/lesdoudous.net\/#organization\",\"name\":\"MICRO-CR\u00c8CHES LES DOUDOUS\",\"url\":\"https:\/\/lesdoudous.net\/\",\"logo\":{\"@type\":\"ImageObject\",\"inLanguage\":\"fr-FR\",\"@id\":\"https:\/\/lesdoudous.net\/#\/schema\/logo\/image\/\",\"url\":\"https:\/\/lesdoudous.net\/wp-content\/uploads\/2017\/12\/Les-doudous-g\u00e9n\u00e9ral.jpg\",\"contentUrl\":\"https:\/\/lesdoudous.net\/wp-content\/uploads\/2017\/12\/Les-doudous-g\u00e9n\u00e9ral.jpg\",\"width\":341,\"height\":256,\"caption\":\"MICRO-CR\u00c8CHES LES DOUDOUS\"},\"image\":{\"@id\":\"https:\/\/lesdoudous.net\/#\/schema\/logo\/image\/\"}}]}<\/script>\n<!-- \/ Yoast SEO plugin. -->","yoast_head_json":{"title":"Roaillan - Micro-cr\u00e8ches Les DOUDOUS","robots":{"index":"index","follow":"follow","max-snippet":"max-snippet:-1","max-image-preview":"max-image-preview:large","max-video-preview":"max-video-preview:-1"},"canonical":"https:\/\/lesdoudous.net\/index.php\/roaillan\/","og_locale":"fr_FR","og_type":"article","og_title":"Roaillan - Micro-cr\u00e8ches Les DOUDOUS","og_description":"MICRO-CRECHE | LES DOUDOUSROAILLAN Gestionnaire : Fanette AUGERAUDR\u00e9f\u00e9rentes techniques : Elodie LAFARGUE Mail roaillan@lesdoudous.net Courrier 1 route du Moulin33210 ROAILLAN T\u00e9l\u00e9phone 05.56.76.66.80 Implantation Depuis mai 2015, la micro cr\u00e8che Les Doudous est situ\u00e9e \u00e0 l&rsquo;entr\u00e9e du village de Roaillan, face \u00e0 la maison m\u00e9dicale et \u00e0 quelques pas du groupe scolaire. Elle est install\u00e9e dans&hellip; Lire la suite Roaillan","og_url":"https:\/\/lesdoudous.net\/index.php\/roaillan\/","og_site_name":"Micro-cr\u00e8ches Les DOUDOUS","article_modified_time":"2024-01-23T11:16:48+00:00","og_image":[{"url":"http:\/\/lesdoudous.net\/wp-content\/uploads\/2020\/11\/animaux5.png"}],"twitter_card":"summary_large_image","twitter_misc":{"Dur\u00e9e de lecture estim\u00e9e":"2 minutes"},"schema":{"@context":"https:\/\/schema.org","@graph":[{"@type":"WebPage","@id":"https:\/\/lesdoudous.net\/index.php\/roaillan\/","url":"https:\/\/lesdoudous.net\/index.php\/roaillan\/","name":"Roaillan - Micro-cr\u00e8ches Les DOUDOUS","isPartOf":{"@id":"https:\/\/lesdoudous.net\/#website"},"datePublished":"2019-07-18T15:43:59+00:00","dateModified":"2024-01-23T11:16:48+00:00","breadcrumb":{"@id":"https:\/\/lesdoudous.net\/index.php\/roaillan\/#breadcrumb"},"inLanguage":"fr-FR","potentialAction":[{"@type":"ReadAction","target":["https:\/\/lesdoudous.net\/index.php\/roaillan\/"]}]},{"@type":"BreadcrumbList","@id":"https:\/\/lesdoudous.net\/index.php\/roaillan\/#breadcrumb","itemListElement":[{"@type":"ListItem","position":1,"name":"Accueil","item":"https:\/\/lesdoudous.net\/"},{"@type":"ListItem","position":2,"name":"Roaillan"}]},{"@type":"WebSite","@id":"https:\/\/lesdoudous.net\/#website","url":"https:\/\/lesdoudous.net\/","name":"Micro-cr\u00e8ches Les DOUDOUS","description":"Roaillan | Le Pian sur Garonne | Langon","publisher":{"@id":"https:\/\/lesdoudous.net\/#organization"},"potentialAction":[{"@type":"SearchAction","target":{"@type":"EntryPoint","urlTemplate":"https:\/\/lesdoudous.net\/?s={search_term_string}"},"query-input":"required name=search_term_string"}],"inLanguage":"fr-FR"},{"@type":"Organization","@id":"https:\/\/lesdoudous.net\/#organization","name":"MICRO-CR\u00c8CHES LES DOUDOUS","url":"https:\/\/lesdoudous.net\/","logo":{"@type":"ImageObject","inLanguage":"fr-FR","@id":"https:\/\/lesdoudous.net\/#\/schema\/logo\/image\/","url":"https:\/\/lesdoudous.net\/wp-content\/uploads\/2017\/12\/Les-doudous-g\u00e9n\u00e9ral.jpg","contentUrl":"https:\/\/lesdoudous.net\/wp-content\/uploads\/2017\/12\/Les-doudous-g\u00e9n\u00e9ral.jpg","width":341,"height":256,"caption":"MICRO-CR\u00c8CHES LES DOUDOUS"},"image":{"@id":"https:\/\/lesdoudous.net\/#\/schema\/logo\/image\/"}}]}},"_links":{"self":[{"href":"https:\/\/lesdoudous.net\/index.php\/wp-json\/wp\/v2\/pages\/259"}],"collection":[{"href":"https:\/\/lesdoudous.net\/index.php\/wp-json\/wp\/v2\/pages"}],"about":[{"href":"https:\/\/lesdoudous.net\/index.php\/wp-json\/wp\/v2\/types\/page"}],"author":[{"embeddable":true,"href":"https:\/\/lesdoudous.net\/index.php\/wp-json\/wp\/v2\/users\/1"}],"replies":[{"embeddable":true,"href":"https:\/\/lesdoudous.net\/index.php\/wp-json\/wp\/v2\/comments?post=259"}],"version-history":[{"count":14,"href":"https:\/\/lesdoudous.net\/index.php\/wp-json\/wp\/v2\/pages\/259\/revisions"}],"predecessor-version":[{"id":737,"href":"https:\/\/lesdoudous.net\/index.php\/wp-json\/wp\/v2\/pages\/259\/revisions\/737"}],"wp:attachment":[{"href":"https:\/\/lesdoudous.net\/index.php\/wp-json\/wp\/v2\/media?parent=259"}],"curies":[{"name":"wp","href":"https:\/\/api.w.org\/{rel}","templated":true}]}}