{"id":215,"date":"2018-04-20T15:59:14","date_gmt":"2018-04-20T13:59:14","guid":{"rendered":"http:\/\/lesdoudous.net\/?page_id=215"},"modified":"2025-07-10T11:46:51","modified_gmt":"2025-07-10T09:46:51","slug":"mentions-legales","status":"publish","type":"page","link":"https:\/\/lesdoudous.net\/index.php\/mentions-legales\/","title":{"rendered":"Mentions l\u00e9gales"},"content":{"rendered":"<p>En vertu de l\u2019article 6 de la loi n\u00b0 2004-575 du 21 juin 2004 pour la confiance dans l\u2019\u00e9conomie num\u00e9rique, il est pr\u00e9cis\u00e9 aux utilisateurs du site www.lespetitsenfants.fr l\u2019identit\u00e9 des diff\u00e9rents intervenants dans le cadre de sa r\u00e9alisation et de son suivi :<br \/>\nPropri\u00e9taire : SARL LES DOUDOUS<br \/>\nCr\u00e9ateur : Claire VISEE \u2013 SYNERGIES@VENIR<br \/>\nResponsable publication : Fanette AUGERAUD<br \/>\nLe responsable publication est une personne physique ou une personne morale.<br \/>\nH\u00e9bergeur : OVH<\/p>\n<div>\n<p><strong>Dispositif de m\u00e9diation des litiges de consommation<\/strong><\/p>\n<p>Conform\u00e9ment aux articles du code de la consommation L611-1 et suivants et R612-1 et suivants, il est pr\u00e9vu que pour tout litige de nature contractuelle portant sur l&rsquo;ex\u00e9cution du contrat de vente et\/ou la prestation de services n&rsquo;ayant pu \u00eatre r\u00e9solu dans le cadre d&rsquo;une r\u00e9clamation pr\u00e9alablement introduite aupr\u00e8s de notre service client, le Consommateur pourra recourir gratuitement \u00e0 la m\u00e9diation. Il contactera l&rsquo;ANM CONSOMMATION soit par courrier en \u00e9crivant au 2 rue de Colmar 94300 Vincennes (en pr\u00e9cisant\u00a0<b>obligatoirement en sus de ses propres coordonn\u00e9es, <\/b>votre num\u00e9ro de t\u00e9l\u00e9phone et votre adresse mail) soit par sur notre site en remplissant le formulaire de saisine en ligne \u00e0 l&rsquo;adresse suivante\u00a0<a href=\"https:\/\/fidcebg.r.bh.d.sendibt3.com\/tr\/cl\/0Jds5zlcW6FMJq8xJmrU_rinRSvF5g969rP3oPP2tEfq_Ub_hRFAG4EBWul2S5WbDyAPBOlb9w4lMm3DUfQOoXvAMQtiB4HYQnrhqsoUv222YGYdw9R8_hAVKED044hVfOisWxMklYWUadxrapev_2pHtCW56iror0AIR816Qa7YNcopsCaNxVhjF-bHpZXlLEsFNfwbihTSD67jtXWGf9CcICsTkX5e5g15ntqdNk47lLPRbRjVXXX0-Kx0EEo2W8nF828ZXw5Yi1afFQ\">https:\/\/www.anmconso.com<\/a>. Pour plus d&rsquo;informations, vous pouvez contacter l&rsquo;ANM CONSOMMATION par t\u00e9l\u00e9phone 01 58 64 00 05, du lundi au vendredi de 9h00 \u00e0 12h00<\/p>\n<p>En cas de litige relatifs \u00e0 des contrats de vente en ligne, il convient de rajouter\u00a0:<\/p>\n<p>Le consommateur peut aussi se rendre sur le site de la\u00a0<a href=\"https:\/\/fidcebg.r.bh.d.sendibt3.com\/tr\/cl\/XJ0Tn-3jeI-CTdk1psMIJxyF-eh7ju_K7n9nbXCM6onKZUY9U2o9v-rdkenjTGwHU9XOPELJEPW-qnYfZf8X4mNyDoCx04I6-r9MlLcfQM7_b0nXOyrhVwZ40PWoIZQeX92KigMNypHc2PQ8vZouL9cjmWyOE9AA4cHqi9TEENCuWhpUoxWltQhSPYp30rHfcoG51XxQfRGI2qLvc7fEU53bQ8j7laSh32fTZRbmeX9YqcidBmWxjGbPMUO2DH9pAWVQSevG-dFU4dGe78VqJdg9dwx7RWtw8Gt3MSeNJOuS0sjEk9jd2qBDKxRcLh-7VKvwH3VgCM7dUFRYKcs0W62DB8UE58CCg2liIwTSSJpD5-LmnUzZlYs\">plateforme europ\u00e9enne des R\u00e8glements des litiges en ligne<\/a>.<\/p>\n<\/div>\n<div>\n<p><strong>D\u00e9marchage t\u00e9l\u00e9phonique<\/strong><\/p>\n<p>Opposition au d\u00e9marchage t\u00e9l\u00e9phonique- Conform\u00e9ment \u00e0 l\u2019<a href=\"https:\/\/www.legifrance.gouv.fr\/codes\/article_lc\/LEGIARTI000032226759\">Article L. 223-2 du Code de la Consommation<\/a>, le recueil de vos coordonn\u00e9es t\u00e9l\u00e9phoniques entraine votre information quant \u00e0 la possibilit\u00e9 de vous inscrire sur la liste d&rsquo;opposition au d\u00e9marchage t\u00e9l\u00e9phonique \u00ab Bloctel \u00bb(plateforme Internet gratuite officielle o\u00f9 vous pouvez inscrire votre num\u00e9ro de t\u00e9l\u00e9phone)<\/p>\n<\/div>\n","protected":false},"excerpt":{"rendered":"<p>En vertu de l\u2019article 6 de la loi n\u00b0 2004-575 du 21 juin 2004 pour la confiance dans l\u2019\u00e9conomie num\u00e9rique, il est pr\u00e9cis\u00e9 aux utilisateurs du site www.lespetitsenfants.fr l\u2019identit\u00e9 des diff\u00e9rents intervenants dans le cadre de sa r\u00e9alisation et de son suivi : Propri\u00e9taire : SARL LES DOUDOUS Cr\u00e9ateur : Claire VISEE \u2013 SYNERGIES@VENIR Responsable&hellip; <\/p>\n<p class=\"toivo-read-more\"><a href=\"https:\/\/lesdoudous.net\/index.php\/mentions-legales\/\" class=\"more-link\">Lire la suite <span class=\"screen-reader-text\">Mentions l\u00e9gales<\/span><\/a><\/p>\n","protected":false},"author":1,"featured_media":0,"parent":0,"menu_order":0,"comment_status":"closed","ping_status":"closed","template":"","meta":{"footnotes":""},"yoast_head":"<!-- This site is optimized with the Yoast SEO plugin v21.7 - https:\/\/yoast.com\/wordpress\/plugins\/seo\/ -->\n<title>Mentions l\u00e9gales - Micro-cr\u00e8ches Les DOUDOUS<\/title>\n<meta name=\"robots\" content=\"index, follow, max-snippet:-1, max-image-preview:large, max-video-preview:-1\" \/>\n<link rel=\"canonical\" href=\"https:\/\/lesdoudous.net\/index.php\/mentions-legales\/\" \/>\n<meta property=\"og:locale\" content=\"fr_FR\" \/>\n<meta property=\"og:type\" content=\"article\" \/>\n<meta property=\"og:title\" content=\"Mentions l\u00e9gales - Micro-cr\u00e8ches Les DOUDOUS\" \/>\n<meta property=\"og:description\" content=\"En vertu de l\u2019article 6 de la loi n\u00b0 2004-575 du 21 juin 2004 pour la confiance dans l\u2019\u00e9conomie num\u00e9rique, il est pr\u00e9cis\u00e9 aux utilisateurs du site www.lespetitsenfants.fr l\u2019identit\u00e9 des diff\u00e9rents intervenants dans le cadre de sa r\u00e9alisation et de son suivi : Propri\u00e9taire : SARL LES DOUDOUS Cr\u00e9ateur : Claire VISEE \u2013 SYNERGIES@VENIR Responsable&hellip; Lire la suite Mentions l\u00e9gales\" \/>\n<meta property=\"og:url\" content=\"https:\/\/lesdoudous.net\/index.php\/mentions-legales\/\" \/>\n<meta property=\"og:site_name\" content=\"Micro-cr\u00e8ches Les DOUDOUS\" \/>\n<meta property=\"article:modified_time\" content=\"2025-07-10T09:46:51+00:00\" \/>\n<meta name=\"twitter:card\" content=\"summary_large_image\" \/>\n<meta name=\"twitter:label1\" content=\"Dur\u00e9e de lecture estim\u00e9e\" \/>\n\t<meta name=\"twitter:data1\" content=\"2 minutes\" \/>\n<script type=\"application\/ld+json\" class=\"yoast-schema-graph\">{\"@context\":\"https:\/\/schema.org\",\"@graph\":[{\"@type\":\"WebPage\",\"@id\":\"https:\/\/lesdoudous.net\/index.php\/mentions-legales\/\",\"url\":\"https:\/\/lesdoudous.net\/index.php\/mentions-legales\/\",\"name\":\"Mentions l\u00e9gales - Micro-cr\u00e8ches Les DOUDOUS\",\"isPartOf\":{\"@id\":\"https:\/\/lesdoudous.net\/#website\"},\"datePublished\":\"2018-04-20T13:59:14+00:00\",\"dateModified\":\"2025-07-10T09:46:51+00:00\",\"breadcrumb\":{\"@id\":\"https:\/\/lesdoudous.net\/index.php\/mentions-legales\/#breadcrumb\"},\"inLanguage\":\"fr-FR\",\"potentialAction\":[{\"@type\":\"ReadAction\",\"target\":[\"https:\/\/lesdoudous.net\/index.php\/mentions-legales\/\"]}]},{\"@type\":\"BreadcrumbList\",\"@id\":\"https:\/\/lesdoudous.net\/index.php\/mentions-legales\/#breadcrumb\",\"itemListElement\":[{\"@type\":\"ListItem\",\"position\":1,\"name\":\"Accueil\",\"item\":\"https:\/\/lesdoudous.net\/\"},{\"@type\":\"ListItem\",\"position\":2,\"name\":\"Mentions l\u00e9gales\"}]},{\"@type\":\"WebSite\",\"@id\":\"https:\/\/lesdoudous.net\/#website\",\"url\":\"https:\/\/lesdoudous.net\/\",\"name\":\"Micro-cr\u00e8ches Les DOUDOUS\",\"description\":\"Roaillan | Le Pian sur Garonne | Langon\",\"publisher\":{\"@id\":\"https:\/\/lesdoudous.net\/#organization\"},\"potentialAction\":[{\"@type\":\"SearchAction\",\"target\":{\"@type\":\"EntryPoint\",\"urlTemplate\":\"https:\/\/lesdoudous.net\/?s={search_term_string}\"},\"query-input\":\"required name=search_term_string\"}],\"inLanguage\":\"fr-FR\"},{\"@type\":\"Organization\",\"@id\":\"https:\/\/lesdoudous.net\/#organization\",\"name\":\"MICRO-CR\u00c8CHES LES DOUDOUS\",\"url\":\"https:\/\/lesdoudous.net\/\",\"logo\":{\"@type\":\"ImageObject\",\"inLanguage\":\"fr-FR\",\"@id\":\"https:\/\/lesdoudous.net\/#\/schema\/logo\/image\/\",\"url\":\"https:\/\/lesdoudous.net\/wp-content\/uploads\/2017\/12\/Les-doudous-g\u00e9n\u00e9ral.jpg\",\"contentUrl\":\"https:\/\/lesdoudous.net\/wp-content\/uploads\/2017\/12\/Les-doudous-g\u00e9n\u00e9ral.jpg\",\"width\":341,\"height\":256,\"caption\":\"MICRO-CR\u00c8CHES LES DOUDOUS\"},\"image\":{\"@id\":\"https:\/\/lesdoudous.net\/#\/schema\/logo\/image\/\"}}]}<\/script>\n<!-- \/ Yoast SEO plugin. -->","yoast_head_json":{"title":"Mentions l\u00e9gales - Micro-cr\u00e8ches Les DOUDOUS","robots":{"index":"index","follow":"follow","max-snippet":"max-snippet:-1","max-image-preview":"max-image-preview:large","max-video-preview":"max-video-preview:-1"},"canonical":"https:\/\/lesdoudous.net\/index.php\/mentions-legales\/","og_locale":"fr_FR","og_type":"article","og_title":"Mentions l\u00e9gales - Micro-cr\u00e8ches Les DOUDOUS","og_description":"En vertu de l\u2019article 6 de la loi n\u00b0 2004-575 du 21 juin 2004 pour la confiance dans l\u2019\u00e9conomie num\u00e9rique, il est pr\u00e9cis\u00e9 aux utilisateurs du site www.lespetitsenfants.fr l\u2019identit\u00e9 des diff\u00e9rents intervenants dans le cadre de sa r\u00e9alisation et de son suivi : Propri\u00e9taire : SARL LES DOUDOUS Cr\u00e9ateur : Claire VISEE \u2013 SYNERGIES@VENIR Responsable&hellip; Lire la suite Mentions l\u00e9gales","og_url":"https:\/\/lesdoudous.net\/index.php\/mentions-legales\/","og_site_name":"Micro-cr\u00e8ches Les DOUDOUS","article_modified_time":"2025-07-10T09:46:51+00:00","twitter_card":"summary_large_image","twitter_misc":{"Dur\u00e9e de lecture estim\u00e9e":"2 minutes"},"schema":{"@context":"https:\/\/schema.org","@graph":[{"@type":"WebPage","@id":"https:\/\/lesdoudous.net\/index.php\/mentions-legales\/","url":"https:\/\/lesdoudous.net\/index.php\/mentions-legales\/","name":"Mentions l\u00e9gales - Micro-cr\u00e8ches Les DOUDOUS","isPartOf":{"@id":"https:\/\/lesdoudous.net\/#website"},"datePublished":"2018-04-20T13:59:14+00:00","dateModified":"2025-07-10T09:46:51+00:00","breadcrumb":{"@id":"https:\/\/lesdoudous.net\/index.php\/mentions-legales\/#breadcrumb"},"inLanguage":"fr-FR","potentialAction":[{"@type":"ReadAction","target":["https:\/\/lesdoudous.net\/index.php\/mentions-legales\/"]}]},{"@type":"BreadcrumbList","@id":"https:\/\/lesdoudous.net\/index.php\/mentions-legales\/#breadcrumb","itemListElement":[{"@type":"ListItem","position":1,"name":"Accueil","item":"https:\/\/lesdoudous.net\/"},{"@type":"ListItem","position":2,"name":"Mentions l\u00e9gales"}]},{"@type":"WebSite","@id":"https:\/\/lesdoudous.net\/#website","url":"https:\/\/lesdoudous.net\/","name":"Micro-cr\u00e8ches Les DOUDOUS","description":"Roaillan | Le Pian sur Garonne | Langon","publisher":{"@id":"https:\/\/lesdoudous.net\/#organization"},"potentialAction":[{"@type":"SearchAction","target":{"@type":"EntryPoint","urlTemplate":"https:\/\/lesdoudous.net\/?s={search_term_string}"},"query-input":"required name=search_term_string"}],"inLanguage":"fr-FR"},{"@type":"Organization","@id":"https:\/\/lesdoudous.net\/#organization","name":"MICRO-CR\u00c8CHES LES DOUDOUS","url":"https:\/\/lesdoudous.net\/","logo":{"@type":"ImageObject","inLanguage":"fr-FR","@id":"https:\/\/lesdoudous.net\/#\/schema\/logo\/image\/","url":"https:\/\/lesdoudous.net\/wp-content\/uploads\/2017\/12\/Les-doudous-g\u00e9n\u00e9ral.jpg","contentUrl":"https:\/\/lesdoudous.net\/wp-content\/uploads\/2017\/12\/Les-doudous-g\u00e9n\u00e9ral.jpg","width":341,"height":256,"caption":"MICRO-CR\u00c8CHES LES DOUDOUS"},"image":{"@id":"https:\/\/lesdoudous.net\/#\/schema\/logo\/image\/"}}]}},"_links":{"self":[{"href":"https:\/\/lesdoudous.net\/index.php\/wp-json\/wp\/v2\/pages\/215"}],"collection":[{"href":"https:\/\/lesdoudous.net\/index.php\/wp-json\/wp\/v2\/pages"}],"about":[{"href":"https:\/\/lesdoudous.net\/index.php\/wp-json\/wp\/v2\/types\/page"}],"author":[{"embeddable":true,"href":"https:\/\/lesdoudous.net\/index.php\/wp-json\/wp\/v2\/users\/1"}],"replies":[{"embeddable":true,"href":"https:\/\/lesdoudous.net\/index.php\/wp-json\/wp\/v2\/comments?post=215"}],"version-history":[{"count":6,"href":"https:\/\/lesdoudous.net\/index.php\/wp-json\/wp\/v2\/pages\/215\/revisions"}],"predecessor-version":[{"id":742,"href":"https:\/\/lesdoudous.net\/index.php\/wp-json\/wp\/v2\/pages\/215\/revisions\/742"}],"wp:attachment":[{"href":"https:\/\/lesdoudous.net\/index.php\/wp-json\/wp\/v2\/media?parent=215"}],"curies":[{"name":"wp","href":"https:\/\/api.w.org\/{rel}","templated":true}]}}