{"id":21,"date":"2017-09-13T11:49:42","date_gmt":"2017-09-13T09:49:42","guid":{"rendered":"http:\/\/lesdoudous.net\/?page_id=21"},"modified":"2025-07-30T13:07:02","modified_gmt":"2025-07-30T11:07:02","slug":"micro-creche-des-doudous-roaillan","status":"publish","type":"page","link":"https:\/\/lesdoudous.net\/","title":{"rendered":"Bienvenue sur le site des micro-cr\u00e8ches Les Doudous"},"content":{"rendered":"\n<figure class=\"wp-block-image\"><img loading=\"lazy\" decoding=\"async\" width=\"1024\" height=\"683\" src=\"http:\/\/lesdoudous.net\/wp-content\/uploads\/2017\/09\/IMG_7609-1024x683.jpg\" alt=\"\" class=\"wp-image-99\" srcset=\"https:\/\/lesdoudous.net\/wp-content\/uploads\/2017\/09\/IMG_7609-1024x683.jpg 1024w, https:\/\/lesdoudous.net\/wp-content\/uploads\/2017\/09\/IMG_7609-300x200.jpg 300w, https:\/\/lesdoudous.net\/wp-content\/uploads\/2017\/09\/IMG_7609-768x512.jpg 768w, https:\/\/lesdoudous.net\/wp-content\/uploads\/2017\/09\/IMG_7609-1260x840.jpg 1260w\" sizes=\"(max-width: 1024px) 100vw, 1024px\" \/><\/figure>\n\n\n\n<p><\/p>\n\n\n\n<p><strong>Une micro-cr\u00e8che c\u2019est quoi ?<\/strong><\/p>\n\n\n\n<ul>\n<li>Une micro-cr\u00e8che est une structure d\u2019accueil collectif r\u00e9gulier et\/ou occasionnel d\u2019une capacit\u00e9 maximale de 12 enfants.<\/li>\n\n\n\n<li>Le petit nombre d\u2019enfants accueillis en micro-cr\u00e8che lui conf\u00e8re un caract\u00e8re familial, chaleureux et s\u00e9curisant.<\/li>\n\n\n\n<li>Il garantit aussi une prise en charge et un suivi individualis\u00e9 de l\u2019enfant tout en lui apprenant les r\u00e8gles de la vie en collectivit\u00e9.<\/li>\n\n\n\n<li>C\u2019est donc une structure \u00e0 taille humaine qui permet \u00e0 l\u2019enfant de se sociabiliser avant l\u2019entr\u00e9e \u00e0 l\u2019\u00e9cole maternelle.<\/li>\n<\/ul>\n\n\n\n<p><strong>Nos valeurs<\/strong><\/p>\n\n\n\n<ul>\n<li>L&rsquo;accueil des familles de mani\u00e8re bienveillante et individualis\u00e9;<\/li>\n\n\n\n<li>L\u2019\u00e9panouissement harmonieux de chaque enfant dans le respect de son d\u00e9veloppement moteur, psychique et affectif;<\/li>\n\n\n\n<li>L\u2019accompagnement \u00e0 la socialisation et \u00e0 l\u2019autonomie par l\u2019\u00e9volution des enfants en groupe multi-\u00e2ge;<\/li>\n\n\n\n<li>La prise en compte du handicap et\/ou de la diff\u00e9rence;<\/li>\n<\/ul>\n\n\n\n<div class=\"wp-block-media-text alignwide is-stacked-on-mobile\" style=\"grid-template-columns:21% auto\"><figure class=\"wp-block-media-text__media\"><img loading=\"lazy\" decoding=\"async\" width=\"150\" height=\"150\" src=\"http:\/\/lesdoudous.net\/wp-content\/uploads\/2020\/11\/animaux2.png\" alt=\"\" class=\"wp-image-469 size-full\" srcset=\"https:\/\/lesdoudous.net\/wp-content\/uploads\/2020\/11\/animaux2.png 150w, https:\/\/lesdoudous.net\/wp-content\/uploads\/2020\/11\/animaux2-140x140.png 140w\" sizes=\"(max-width: 150px) 100vw, 150px\" \/><\/figure><div class=\"wp-block-media-text__content\">\n<p>Tout ceci dans une d\u00e9marche d&rsquo;\u00e9co responsabilit\u00e9.<\/p>\n<\/div><\/div>\n\n\n\n<div class=\"wp-block-button aligncenter is-style-fill\"><a class=\"wp-block-button__link has-text-color has-background wp-element-button\" href=\"https:\/\/opticreche.fr\/inscriptions\/questionnaire\/NotreBoiteAReves\" style=\"color:#ffffff;background-color:#0c4059\">R\u00e9servez vite une place !&nbsp;<\/a><\/div>\n\n\n\n<div style=\"height:31px\" aria-hidden=\"true\" class=\"wp-block-spacer\"><\/div>\n\n\n<ul>\n<li>Motricit\u00e9 libre : \u00ab\u00a0L&rsquo;enfant \u00e0 besoin de se sentir libre de ses mouvements afin de pouvoir explorer son l&rsquo;environnement et y d\u00e9couvrir ses capacit\u00e9s motrices\u00a0\u00bb<\/li>\n<li>Eveil : \u00ab Qu&rsquo;il soit libre ou dirig\u00e9, le jeu est fait de d\u00e9couvertes, d&rsquo;explorations, de plaisir et de rencontres. \u00bb<\/li>\n<li>Multi-\u00e2ge : Les enfants sont accueillis en un seul et unique groupe. Cette particularit\u00e9 incite les plus petits \u00e0 imiter les plus grands et \u00e0 l&rsquo;inverse, responsabilise ces derniers.<\/li>\n<li>Relation avec les parents : les professionnels \u00e9changent r\u00e9guli\u00e8rement avec les familles avec une \u00e9coute bienveillante et une attitude de non-jugement.<\/li>\n<\/ul>\n\n\n<h2 class=\"wp-block-heading\" id=\"block-9a2e078a-ad05-401d-a387-5d1de74f792d\">CHARTE \u00c9CO-RESPONSABLE<\/h2>\n\n\n\n<p id=\"block-5a4fd1d0-4ab5-438a-adfd-57b113fe3f8c\">Une charte r\u00e9pertorie les actions mises en place dans les micro-cr\u00e8ches.&nbsp;Elle retrace ainsi notre engagement pour la sant\u00e9 et l\u2019environnement,&nbsp;selon une approche active car les enjeux sanitaires et environnementaux&nbsp;sont \u00e9troitement li\u00e9s. Ils contribuent \u00e0 pr\u00e9server un environnement global sain.<\/p>\n\n\n\n<div class=\"wp-block-buttons is-content-justification-center is-layout-flex wp-container-core-buttons-layout-1 wp-block-buttons-is-layout-flex\">\n<div class=\"wp-block-button\"><a class=\"wp-block-button__link has-white-color has-text-color has-background wp-element-button\" href=\"https:\/\/lesdoudous.net\/wp-content\/uploads\/2023\/05\/charte-eco-responsable-Lesdoudous-1-1.pdf\" style=\"background-color:#0c4059\" target=\"_blank\" rel=\"noreferrer noopener\">T\u00e9l\u00e9charger la charte<\/a><\/div>\n<\/div>\n","protected":false},"excerpt":{"rendered":"<p>Une micro-cr\u00e8che c\u2019est quoi ? Nos valeurs Tout ceci dans une d\u00e9marche d&rsquo;\u00e9co responsabilit\u00e9. Motricit\u00e9 libre : \u00ab\u00a0L&rsquo;enfant \u00e0 besoin de se sentir libre de ses mouvements afin de pouvoir explorer son l&rsquo;environnement et y d\u00e9couvrir ses capacit\u00e9s motrices\u00a0\u00bb Eveil : \u00ab Qu&rsquo;il soit libre ou dirig\u00e9, le jeu est fait de d\u00e9couvertes, d&rsquo;explorations, de&hellip; <\/p>\n<p class=\"toivo-read-more\"><a href=\"https:\/\/lesdoudous.net\/\" class=\"more-link\">Lire la suite <span class=\"screen-reader-text\">Bienvenue sur le site des micro-cr\u00e8ches Les Doudous<\/span><\/a><\/p>\n","protected":false},"author":1,"featured_media":0,"parent":0,"menu_order":0,"comment_status":"closed","ping_status":"closed","template":"pages\/front-page.php","meta":{"footnotes":""},"yoast_head":"<!-- This site is optimized with the Yoast SEO plugin v21.7 - https:\/\/yoast.com\/wordpress\/plugins\/seo\/ -->\n<title>Bienvenue sur le site des micro-cr\u00e8ches Les Doudous - Micro-cr\u00e8ches Les DOUDOUS<\/title>\n<meta name=\"robots\" content=\"index, follow, max-snippet:-1, max-image-preview:large, max-video-preview:-1\" \/>\n<link rel=\"canonical\" href=\"https:\/\/lesdoudous.net\/\" \/>\n<meta property=\"og:locale\" content=\"fr_FR\" \/>\n<meta property=\"og:type\" content=\"article\" \/>\n<meta property=\"og:title\" content=\"Bienvenue sur le site des micro-cr\u00e8ches Les Doudous - Micro-cr\u00e8ches Les DOUDOUS\" \/>\n<meta property=\"og:description\" content=\"Une micro-cr\u00e8che c\u2019est quoi ? Nos valeurs Tout ceci dans une d\u00e9marche d&rsquo;\u00e9co responsabilit\u00e9. Motricit\u00e9 libre : \u00ab\u00a0L&rsquo;enfant \u00e0 besoin de se sentir libre de ses mouvements afin de pouvoir explorer son l&rsquo;environnement et y d\u00e9couvrir ses capacit\u00e9s motrices\u00a0\u00bb Eveil : \u00ab Qu&rsquo;il soit libre ou dirig\u00e9, le jeu est fait de d\u00e9couvertes, d&rsquo;explorations, de&hellip; Lire la suite Bienvenue sur le site des micro-cr\u00e8ches Les Doudous\" \/>\n<meta property=\"og:url\" content=\"https:\/\/lesdoudous.net\/\" \/>\n<meta property=\"og:site_name\" content=\"Micro-cr\u00e8ches Les DOUDOUS\" \/>\n<meta property=\"article:modified_time\" content=\"2025-07-30T11:07:02+00:00\" \/>\n<meta property=\"og:image\" content=\"http:\/\/lesdoudous.net\/wp-content\/uploads\/2017\/09\/IMG_7609-1024x683.jpg\" \/>\n<meta name=\"twitter:card\" content=\"summary_large_image\" \/>\n<meta name=\"twitter:label1\" content=\"Dur\u00e9e de lecture estim\u00e9e\" \/>\n\t<meta name=\"twitter:data1\" content=\"2 minutes\" \/>\n<script type=\"application\/ld+json\" class=\"yoast-schema-graph\">{\"@context\":\"https:\/\/schema.org\",\"@graph\":[{\"@type\":\"WebPage\",\"@id\":\"https:\/\/lesdoudous.net\/\",\"url\":\"https:\/\/lesdoudous.net\/\",\"name\":\"Bienvenue sur le site des micro-cr\u00e8ches Les Doudous - Micro-cr\u00e8ches Les DOUDOUS\",\"isPartOf\":{\"@id\":\"https:\/\/lesdoudous.net\/#website\"},\"datePublished\":\"2017-09-13T09:49:42+00:00\",\"dateModified\":\"2025-07-30T11:07:02+00:00\",\"breadcrumb\":{\"@id\":\"https:\/\/lesdoudous.net\/#breadcrumb\"},\"inLanguage\":\"fr-FR\",\"potentialAction\":[{\"@type\":\"ReadAction\",\"target\":[\"https:\/\/lesdoudous.net\/\"]}]},{\"@type\":\"BreadcrumbList\",\"@id\":\"https:\/\/lesdoudous.net\/#breadcrumb\",\"itemListElement\":[{\"@type\":\"ListItem\",\"position\":1,\"name\":\"Accueil\",\"item\":\"https:\/\/lesdoudous.net\/\"},{\"@type\":\"ListItem\",\"position\":2,\"name\":\"Bienvenue sur le site des micro-cr\u00e8ches Les Doudous\"}]},{\"@type\":\"WebSite\",\"@id\":\"https:\/\/lesdoudous.net\/#website\",\"url\":\"https:\/\/lesdoudous.net\/\",\"name\":\"Micro-cr\u00e8ches Les DOUDOUS\",\"description\":\"Roaillan | Le Pian sur Garonne | Langon\",\"publisher\":{\"@id\":\"https:\/\/lesdoudous.net\/#organization\"},\"potentialAction\":[{\"@type\":\"SearchAction\",\"target\":{\"@type\":\"EntryPoint\",\"urlTemplate\":\"https:\/\/lesdoudous.net\/?s={search_term_string}\"},\"query-input\":\"required name=search_term_string\"}],\"inLanguage\":\"fr-FR\"},{\"@type\":\"Organization\",\"@id\":\"https:\/\/lesdoudous.net\/#organization\",\"name\":\"MICRO-CR\u00c8CHES LES DOUDOUS\",\"url\":\"https:\/\/lesdoudous.net\/\",\"logo\":{\"@type\":\"ImageObject\",\"inLanguage\":\"fr-FR\",\"@id\":\"https:\/\/lesdoudous.net\/#\/schema\/logo\/image\/\",\"url\":\"https:\/\/lesdoudous.net\/wp-content\/uploads\/2017\/12\/Les-doudous-g\u00e9n\u00e9ral.jpg\",\"contentUrl\":\"https:\/\/lesdoudous.net\/wp-content\/uploads\/2017\/12\/Les-doudous-g\u00e9n\u00e9ral.jpg\",\"width\":341,\"height\":256,\"caption\":\"MICRO-CR\u00c8CHES LES DOUDOUS\"},\"image\":{\"@id\":\"https:\/\/lesdoudous.net\/#\/schema\/logo\/image\/\"}}]}<\/script>\n<!-- \/ Yoast SEO plugin. -->","yoast_head_json":{"title":"Bienvenue sur le site des micro-cr\u00e8ches Les Doudous - Micro-cr\u00e8ches Les DOUDOUS","robots":{"index":"index","follow":"follow","max-snippet":"max-snippet:-1","max-image-preview":"max-image-preview:large","max-video-preview":"max-video-preview:-1"},"canonical":"https:\/\/lesdoudous.net\/","og_locale":"fr_FR","og_type":"article","og_title":"Bienvenue sur le site des micro-cr\u00e8ches Les Doudous - Micro-cr\u00e8ches Les DOUDOUS","og_description":"Une micro-cr\u00e8che c\u2019est quoi ? Nos valeurs Tout ceci dans une d\u00e9marche d&rsquo;\u00e9co responsabilit\u00e9. Motricit\u00e9 libre : \u00ab\u00a0L&rsquo;enfant \u00e0 besoin de se sentir libre de ses mouvements afin de pouvoir explorer son l&rsquo;environnement et y d\u00e9couvrir ses capacit\u00e9s motrices\u00a0\u00bb Eveil : \u00ab Qu&rsquo;il soit libre ou dirig\u00e9, le jeu est fait de d\u00e9couvertes, d&rsquo;explorations, de&hellip; Lire la suite Bienvenue sur le site des micro-cr\u00e8ches Les Doudous","og_url":"https:\/\/lesdoudous.net\/","og_site_name":"Micro-cr\u00e8ches Les DOUDOUS","article_modified_time":"2025-07-30T11:07:02+00:00","og_image":[{"url":"http:\/\/lesdoudous.net\/wp-content\/uploads\/2017\/09\/IMG_7609-1024x683.jpg"}],"twitter_card":"summary_large_image","twitter_misc":{"Dur\u00e9e de lecture estim\u00e9e":"2 minutes"},"schema":{"@context":"https:\/\/schema.org","@graph":[{"@type":"WebPage","@id":"https:\/\/lesdoudous.net\/","url":"https:\/\/lesdoudous.net\/","name":"Bienvenue sur le site des micro-cr\u00e8ches Les Doudous - Micro-cr\u00e8ches Les DOUDOUS","isPartOf":{"@id":"https:\/\/lesdoudous.net\/#website"},"datePublished":"2017-09-13T09:49:42+00:00","dateModified":"2025-07-30T11:07:02+00:00","breadcrumb":{"@id":"https:\/\/lesdoudous.net\/#breadcrumb"},"inLanguage":"fr-FR","potentialAction":[{"@type":"ReadAction","target":["https:\/\/lesdoudous.net\/"]}]},{"@type":"BreadcrumbList","@id":"https:\/\/lesdoudous.net\/#breadcrumb","itemListElement":[{"@type":"ListItem","position":1,"name":"Accueil","item":"https:\/\/lesdoudous.net\/"},{"@type":"ListItem","position":2,"name":"Bienvenue sur le site des micro-cr\u00e8ches Les Doudous"}]},{"@type":"WebSite","@id":"https:\/\/lesdoudous.net\/#website","url":"https:\/\/lesdoudous.net\/","name":"Micro-cr\u00e8ches Les DOUDOUS","description":"Roaillan | Le Pian sur Garonne | Langon","publisher":{"@id":"https:\/\/lesdoudous.net\/#organization"},"potentialAction":[{"@type":"SearchAction","target":{"@type":"EntryPoint","urlTemplate":"https:\/\/lesdoudous.net\/?s={search_term_string}"},"query-input":"required name=search_term_string"}],"inLanguage":"fr-FR"},{"@type":"Organization","@id":"https:\/\/lesdoudous.net\/#organization","name":"MICRO-CR\u00c8CHES LES DOUDOUS","url":"https:\/\/lesdoudous.net\/","logo":{"@type":"ImageObject","inLanguage":"fr-FR","@id":"https:\/\/lesdoudous.net\/#\/schema\/logo\/image\/","url":"https:\/\/lesdoudous.net\/wp-content\/uploads\/2017\/12\/Les-doudous-g\u00e9n\u00e9ral.jpg","contentUrl":"https:\/\/lesdoudous.net\/wp-content\/uploads\/2017\/12\/Les-doudous-g\u00e9n\u00e9ral.jpg","width":341,"height":256,"caption":"MICRO-CR\u00c8CHES LES DOUDOUS"},"image":{"@id":"https:\/\/lesdoudous.net\/#\/schema\/logo\/image\/"}}]}},"_links":{"self":[{"href":"https:\/\/lesdoudous.net\/index.php\/wp-json\/wp\/v2\/pages\/21"}],"collection":[{"href":"https:\/\/lesdoudous.net\/index.php\/wp-json\/wp\/v2\/pages"}],"about":[{"href":"https:\/\/lesdoudous.net\/index.php\/wp-json\/wp\/v2\/types\/page"}],"author":[{"embeddable":true,"href":"https:\/\/lesdoudous.net\/index.php\/wp-json\/wp\/v2\/users\/1"}],"replies":[{"embeddable":true,"href":"https:\/\/lesdoudous.net\/index.php\/wp-json\/wp\/v2\/comments?post=21"}],"version-history":[{"count":45,"href":"https:\/\/lesdoudous.net\/index.php\/wp-json\/wp\/v2\/pages\/21\/revisions"}],"predecessor-version":[{"id":746,"href":"https:\/\/lesdoudous.net\/index.php\/wp-json\/wp\/v2\/pages\/21\/revisions\/746"}],"wp:attachment":[{"href":"https:\/\/lesdoudous.net\/index.php\/wp-json\/wp\/v2\/media?parent=21"}],"curies":[{"name":"wp","href":"https:\/\/api.w.org\/{rel}","templated":true}]}}